31?
2a
In base 10, what is 10 - 8?
2
In base 5, what is -23 - 3010?
-3033
In base 12, what is -22b4 - 5?
-22b9
In base 12, what is 1 + a1?
a2
In base 16, what is 9 - -c?
15
In base 11, what is -6 - 13?
-19
In base 10, what is -9 - 266?
-275
In base 6, what is -1002050 + -4?
-1002054
In base 15, what is 39d + 0?
39d
In base 14, what is 3 + 1aa3?
1aa6
In base 3, what is 100 - 0?
100
In base 4, what is 1030 + 10?
1100
In base 13, what is 1 - -50?
51
In base 3, what is -1221 + 10112?
1121
In base 11, what is 0 + 15a?
15a
In base 3, what is -10022212 - -2?
-10022210
In base 16, what is b0 + -e?
a2
In base 6, what is 24 + 2?
30
In base 2, what is -10011 - -11101?
1010
In base 12, what is -33b + 2?
-339
In base 5, what is 1411330 - -2?
1411332
In base 5, what is 43 - 12?
31
In base 3, what is 11 + 211?
222
In base 5, what is -12102 + -11?
-12113
In base 13, what is 152 + -1b?
134
In base 3, what is -12 - 12211?
-20000
In base 8, what is -5 - 1031?
-1036
In base 15, what is -2 - -c7b?
c79
In base 11, what is -65 - 1?
-66
In base 2, what is 1011010 + -101?
1010101
In base 13, what is -1ac - 4?
-1b3
In base 10, what is 2 - 872?
-870
In base 13, what is -3 + -1?
-4
In base 12, what is -1b3 + 5?
-1aa
In base 8, what is 12 + -7?
3
In base 2, what is -1001111011 - -10?
-1001111001
In base 15, what is c + 161?
16d
In base 12, what is 15 + 1b?
34
In base 4, what is -3 - 222302?
-222311
In base 10, what is 1 - 9?
-8
In base 14, what is -215 - 4?
-219
In base 4, what is 22 + 2?
30
In base 8, what is 21 - 1?
20
In base 4, what is 2 + -22103?
-22101
In base 12, what is -103a - -2?
-1038
In base 4, what is -331 - 2?
-333
In base 11, what is 0 + 2?
2
In base 12, what is 3 - -7b4?
7b7
In base 3, what is 1202 + 1220?
10122
In base 3, what is -122200 + 10?
-122120
In base 6, what is -5051 + -2?
-5053
In base 12, what is -800 - -5?
-7b7
In base 7, what is 3010 - 2?
3005
In base 5, what is 1031 + -10?
1021
In base 15, what is -31 - -225?
1e4
In base 13, what is 8 + -3?
5
In base 11, what is -7342 + 5?
-7338
In base 6, what is -52204 + 4?
-52200
In base 5, what is -4 - -2343?
2334
In base 3, what is -2 - 2111010?
-2111012
In base 2, what is -1010 - 1010?
-10100
In base 3, what is 2021 + 21?
2112
In base 15, what is -47 - -3?
-44
In base 10, what is -24 + 249?
225
In base 3, what is 2 + 100211?
100220
In base 8, what is -12047 + -1?
-12050
In base 7, what is -125 - 162?
-320
In base 2, what is -100 + 110100001?
110011101
In base 3, what is 0 - 20110100?
-20110100
In base 12, what is 0 + 327a?
327a
In base 10, what is 0 - 253?
-253
In base 8, what is -1 + 3077?
3076
In base 13, what is -2 + -3a5?
-3a7
In base 9, what is 634 - -3?
637
In base 7, what is 510 + -2?
505
In base 9, what is -116 + -8?
-125
In base 8, what is -157 + 0?
-157
In base 13, what is 0 + 1b?
1b
In base 9, what is -4 + -1288?
-1303
In base 13, what is -15 - 2?
-17
In base 10, what is -1943 - 5?
-1948
In base 10, what is 4 - 47?
-43
In base 15, what is -ad - -2d?
-80
In base 7, what is 5 + -1221?
-1213
In base 4, what is -2 + -33013?
-33021
In base 15, what is a0 + -4?
9b
In base 14, what is a8 + 3?
ab
In base 11, what is -2 + 27?
25
In base 16, what is 33 + 2?
35
In base 4, what is -32321 - 1?
-32322
In base 6, what is -10 - 41?
-51
In base 16, what is -3 + -2e4?
-2e7
In base 8, what is -42 - -670?
626
In base 15, what is -3 - -20?
1c
In base 3, what is 2 + 111200?
111202
In base 14, what is 23 - -ab?
d0
In base 6, what is -1 + 225?
224
In base 8, what is -221 + -2?
-223
In base 16, what is bf + -3?
bc
In base 2, what is 100 + 1111?
10011
In base 6, what is -14 - -20?
2
In base 4, what is 11 + -20112?
-20101
In base 15, what is -e + -7b?
-8a
In base 13, what is 11 + -5a7?
-596
In base 16, what is -49e - c?
-4aa
In base 11, what is 26 + 35?
60
In base 6, what is -112 + -2?
-114
In base 9, what is -3 + 175?
172
In base 3, what is 1 + -1020?
-1012
In base 12, what is -7 - -13?
8
In base 11, what is 724 + 1?
725
In base 10, what is 1 - 4?
-3
In base 5, what is -100310 + 4?
-100301
In base 11, what is 5105 - 0?
5105
In base 6, what is 2 - -112?
114
In base 4, what is 2223 - 11?
2212
In base 5, what is -101414 - 1?
-101420
In base 7, what is 5226 - 1?
5225
In base 10, what is 10 - 11?
-1
In base 8, what is 3 + -147?
-144
In base 14, what is -bb6 + -4?
-bba
In base 9, what is 7 + -771?
-763
In base 8, what is -36 - 543?
-601
In base 8, what is 12365 - 4?
12361
In base 5, what is 2 - 132323?
-132321
In base 9, what is -4 + -160?
-164
In base 10, what is 15398 + 1?
15399
In base 16, what is -485 - -4?
-481
In base 11, what is -3 + 939?
936
In base 13, what is 4 + -23?
-1c
In base 6, what is 2 - -13051?
13053
In base 2, what is 10 - -110010111?
110011001
In base 14, what is -21b - 4?
-221
In base 2, what is -1010010111 + 10?
-1010010101
In base 8, what is -3 - -26?
23
In base 9, what is 221 - -1?
222
In base 2, what is 1111 + 100?
10011
In base 4, what is 3203 - 30?
3113
In base 16, what is -3 + 8f2?
8ef
In base 14, what is -3 + -73?
-76
In base 8, what is 320 + -3?
315
In base 4, what is 3 + -33032?
-33023
In base 16, what is 9 + -3a?
-31
In base 11, what is 2 - 1a?
-18
In base 10, what is -4884 + 4?
-4880
In base 6, what is -310 - 2?
-312
In base 8, what is -36 - 5?
-43
In base 15, what is -7 - 33?
-3a
In base 7, what is -460 - -12?
-445
In base 2, what is 1001010 - 1100?
111110
In base 14, what is -63c + 1?
-63b
In base 15, what is -d9 - -5?
-d4
In base 6, what is 2 + 151?
153
In base 10, what is -116 - -34?
-82
In base 5, what is 4 + -20?
-11
In base 11, what is -1729 + 0?
-1729
In base 16, what is 1 - 165c?
-165b
In base 6, what is -2134 - 1?
-2135
In base 12, what is 8 + -104?
-b8
In base 6, what is -131 - -12?
-115
In base 11, what is -209 + -11?
-21a
In base 5, what is 141 - -3?
144
In base 3, what is 1122022 - -210?
1200002
In base 15, what is 6d - 24?
49
In base 2, what is 100 + -1000000111110?
-1000000111010
In base 7, what is 0 - 123?
-123
In base 15, what is 1a - c4?
-a9
In base 4, what is -21301 + 10?
-21231
In base 10, what is -915 - 2?
-917
In base 10, what is 18 - -13?
31
In base 4, what is 2 + 1213?
1221
In base 13, what is -11 - -b?
-3
In base 14, what is -271 - -1?
-270
In base 7, what is -5 - -303?
265
In base 13, what is 16 + -25?
-c
In base 3, what is 0 - 11220?
-11220
In base 9, what is -805 + -25?
-831
In base 5, what is 130 + 1024?
1204
In base 6, what is -5 + 1500?
1451
In base 8, what is -1 + 117?
116
In base 12, what is -472 + -13?
-485
In base 8, what is 4 + -631?
-625
In base 9, what is 5 - -7542?
7547
In base 16, what is -12 + -18?
-2a
In base 13, what is -15c + -3?
-162
In base 7, what is -26 - -236?
210
In base 13, what is 7 - 1c?
-15
In base 10, what is -28 - 0?
-28
In base 3, what is 2 - -2?
11
In base 6, what is 12201 - -4?
12205
In base 4, what is 1100020 - 2?
1100012
In base 16, what is -1 - -17d2?
17d1
In base 12, what is 5 - -1b0?
1b5
In base 13, what is 3 + -47?
-44
In base 9, what is -1 + -4311?
-4312
In base 15, what is c + 18?
25
In base 13, what is -3 + -1ba4?
-1ba7
In base 4, what is 113 - 3?
110
In base 11, what is -330 - -4?
-327
In base 14, what is -12 - -5?
-b
In base 6, what is -1 + -245?
-250
In base 15, what is 66 - b?
5a
In base 14, what is -186 - -2?
-184
In base 12, what is b - -13?
22
In base 15, what is b + -150?
-144
In base 7, what is -240 + -22?
-262
In base 7, what is -1226 + -16?
-1245
In base 9, what is 6 - -1636?
1643
In base 14, what is 1 - -27?
28
In base 13, what is -3a - c?
-49
In base 15, what is -13a - -4?
-136
In base 5, what is -4 - -1?
-3
In base 9, what is -437 + 3?
-434
In base 4, what is 10 - 13211?
-13201
In base 5, what is 1011 + 10?
1021
In base 12, what is 1a6 + -4?
1a2
In base 10, what is 4 + -335?
-331
In base 11, what is 211 - 47?
175
In base 13, what is -20 - -7?
-16
In base 6, what is 10215 - 1?
10214
In base 5, what is -124 - -122?
-2
In base 6, what is -5 + 141?
132
In base 4, what is -203 - -10?
-133
In base 12, what is 3 + 129?
130
In base 3, what is 121212 - -2?
121221
In base 16, what is -4 + 397?
393
In base 4, what is -2 + -323?
-331
In base 4, what is 12 - 1202?
-1130
In base 11, what is 1 + -190?
-18a
In base 9, what is -2 - -25?
23
In base 9, what is 457 + 14?
472
In base 14, what is -57 - -7?
-50
In base 11, wha